
{"id":2079,"date":"2025-03-28T12:28:11","date_gmt":"2025-03-28T11:28:11","guid":{"rendered":"https:\/\/scf.se\/cykelcross\/?page_id=2079"},"modified":"2025-11-19T14:35:00","modified_gmt":"2025-11-19T13:35:00","slug":"swe-cup-2025-2026","status":"publish","type":"page","link":"https:\/\/scf.se\/cykelcross\/swe-cup-2025-2026\/","title":{"rendered":"SWE Cup 2025\/2026"},"content":{"rendered":"<h2>SWE Cup CX 2025\u201326<\/h2>\n<ul>\n<li><strong>T\u00e4by<\/strong> <strong>11\u201312 oktober:<\/strong> SWE Cup #1 och #2 (\u00e4ven UCI-status f\u00f6r junior och seniorelit).<br \/>\n<a href=\"https:\/\/www.sportstiming.se\/event\/16682\/results\"><em><strong>Resultat dag 1, SWE Cup #1.<\/strong><\/em><\/a><br \/>\n<a href=\"https:\/\/www.sportstiming.se\/event\/16683\/results\"><em><strong>Resultat dag 2, SWE Cup #2.<\/strong><\/em><\/a><\/li>\n<li><strong>Varberg<\/strong> <strong>18\u201319 oktober:<\/strong> SWE Cup #3 och #4 (\u00e4ven UCI-status f\u00f6r junior och seniorelit).<br \/>\n<a href=\"https:\/\/www.sportstiming.se\/event\/16826\"><em><strong>Resultat dag 1, SWE Cup #3.<\/strong><\/em><\/a><br \/>\n<a href=\"https:\/\/www.sportstiming.se\/event\/16827\"><em><strong>Resultat dag 2, SWE Cup #4.<\/strong><\/em><\/a><\/li>\n<li><strong>Malm\u00f6<\/strong> <strong>15\u201316 november:<\/strong> SWE Cup #5 och #6 (nationell t\u00e4vling och SM-genrep).<br \/>\n<em><strong><a href=\"https:\/\/www.sportstiming.se\/event\/16837\/results?round=96860\">Resultat dag 1, SWE Cup #5.<\/a><br \/>\n<a href=\"https:\/\/www.sportstiming.se\/event\/16838\/results\">Resultat dag 2, SWE Cup #6.<\/a><br \/>\n<\/strong><\/em><\/li>\n<li><a href=\"https:\/\/www.sportstiming.se\/event\/16838\/points\"><em><strong>SWE Cup-st\u00e4llningen efter sex delt\u00e4vlingar.<\/strong><\/em><\/a><\/li>\n<li><strong>Malm\u00f6<\/strong> <strong>10\u201311 januari:<\/strong> <strong>Svenska M\u00e4sterskapen i cykelcross, \u00e4ven SWE Cup #7.<\/strong> Inbjudan och anm\u00e4lningsl\u00e4nk \u00e4r i skrivande stund just p\u00e5 v\u00e4g att f\u00e4rdigst\u00e4llas. L\u00e4s mer p\u00e5 Sportstiming.se samt p\u00e5 SCF.se och v\u00e5ra SoMe-kanaler inom kort.<\/li>\n<\/ul>\n<h3><a name=\"_Toc69391429\"><\/a>Klasser<\/h3>\n<p><strong>Herrar Elit<\/strong>, \u00e4r \u00f6ppen f\u00f6r cyklister som innehar U23- eller Elitlicens.<br \/>\n<strong>Damer Elit<\/strong>, \u00e4r \u00f6ppen f\u00f6r cyklister som innehar U23-, Master Woman eller Damelitlicens.<br \/>\n<strong>Herr Juniorer<\/strong>, \u00e4r \u00f6ppen f\u00f6r cyklister som innehar juniorlicens. Dam Juniorer, \u00e4r \u00f6ppen f\u00f6r cyklister med damjuniorlicens.<br \/>\n<strong>Master: <\/strong>Herrar 30, 40, 50, 60. Damer Master(\u00f6ppen f\u00f6r cyklister med masterlicens)<br \/>\n<strong>Ungdom: <\/strong>P\/F 15\u201316, P\/F 13\u201314<\/p>\n<h3>Po\u00e4ngber\u00e4kning<\/h3>\n<p>Alla som fullf\u00f6ljer en delt\u00e4vling som ing\u00e5r i SWE Cup CX (SWE Cup Ungdom\/SWE Cup Master) f\u00e5r po\u00e4ng. I den totala samanst\u00e4llningen r\u00e4knas en delt\u00e4vling bort fr\u00e5n totala sammanst\u00e4llningen.<br \/>\nPo\u00e4ng erh\u00e5lls enligt tabellen nedan.<\/p>\n<p><span style=\"text-decoration: line-through\">\u00a0<\/span><\/p>\n<table width=\"226\">\n<tbody>\n<tr>\n<td width=\"66\"><\/td>\n<td width=\"161\">Etapplopp<\/td>\n<\/tr>\n<tr>\n<td width=\"66\">Placering<\/td>\n<td width=\"161\"><\/td>\n<\/tr>\n<tr>\n<td width=\"66\"><strong>1<\/strong><\/td>\n<td width=\"161\">100<\/td>\n<\/tr>\n<tr>\n<td width=\"66\"><strong>2<\/strong><\/td>\n<td width=\"161\">88<\/td>\n<\/tr>\n<tr>\n<td width=\"66\"><strong>3<\/strong><\/td>\n<td width=\"161\">80<\/td>\n<\/tr>\n<tr>\n<td width=\"66\"><strong>4<\/strong><\/td>\n<td width=\"161\">74<\/td>\n<\/tr>\n<tr>\n<td width=\"66\"><strong>5<\/strong><\/td>\n<td width=\"161\">69<\/td>\n<\/tr>\n<tr>\n<td width=\"66\"><strong>6<\/strong><\/td>\n<td width=\"161\">65<\/td>\n<\/tr>\n<tr>\n<td width=\"66\"><strong>7<\/strong><\/td>\n<td width=\"161\">62<\/td>\n<\/tr>\n<tr>\n<td width=\"66\"><strong>8<\/strong><\/td>\n<td width=\"161\">59<\/td>\n<\/tr>\n<tr>\n<td width=\"66\"><strong>9<\/strong><\/td>\n<td width=\"161\">55<\/td>\n<\/tr>\n<tr>\n<td width=\"66\"><strong>10<\/strong><\/td>\n<td width=\"161\">54<\/td>\n<\/tr>\n<tr>\n<td width=\"66\"><strong>11<\/strong><\/td>\n<td width=\"161\">53<\/td>\n<\/tr>\n<tr>\n<td width=\"66\"><strong>12<\/strong><\/td>\n<td width=\"161\">52<\/td>\n<\/tr>\n<tr>\n<td width=\"66\"><strong>13<\/strong><\/td>\n<td width=\"161\">51<\/td>\n<\/tr>\n<tr>\n<td width=\"66\"><strong>14<\/strong><\/td>\n<td width=\"161\">50<\/td>\n<\/tr>\n<tr>\n<td width=\"66\"><strong>15<\/strong><\/td>\n<td width=\"161\">49<\/td>\n<\/tr>\n<tr>\n<td width=\"66\"><strong>16<\/strong><\/td>\n<td width=\"161\">48<\/td>\n<\/tr>\n<tr>\n<td width=\"66\"><strong>17<\/strong><\/td>\n<td width=\"161\">47<\/td>\n<\/tr>\n<tr>\n<td width=\"66\"><strong>18<\/strong><\/td>\n<td width=\"161\">46<\/td>\n<\/tr>\n<tr>\n<td width=\"66\"><strong>19<\/strong><\/td>\n<td width=\"161\">45<\/td>\n<\/tr>\n<tr>\n<td width=\"66\"><strong>20<\/strong><\/td>\n<td width=\"161\">44<\/td>\n<\/tr>\n<tr>\n<td width=\"66\"><strong>21<\/strong><\/td>\n<td width=\"161\">43<\/td>\n<\/tr>\n<tr>\n<td width=\"66\"><strong>22<\/strong><\/td>\n<td width=\"161\">42<\/td>\n<\/tr>\n<tr>\n<td width=\"66\"><strong>23<\/strong><\/td>\n<td width=\"161\">41<\/td>\n<\/tr>\n<tr>\n<td width=\"66\"><strong>24<\/strong><\/td>\n<td width=\"161\">40<\/td>\n<\/tr>\n<tr>\n<td width=\"66\"><strong>25<\/strong><\/td>\n<td width=\"161\">39<\/td>\n<\/tr>\n<tr>\n<td width=\"66\"><strong>26<\/strong><\/td>\n<td width=\"161\">38<\/td>\n<\/tr>\n<tr>\n<td width=\"66\"><strong>27<\/strong><\/td>\n<td width=\"161\">37<\/td>\n<\/tr>\n<tr>\n<td width=\"66\"><strong>28<\/strong><\/td>\n<td width=\"161\">36<\/td>\n<\/tr>\n<tr>\n<td width=\"66\"><strong>29<\/strong><\/td>\n<td width=\"161\">35<\/td>\n<\/tr>\n<tr>\n<td width=\"66\"><strong>30<\/strong><\/td>\n<td width=\"161\">34<\/td>\n<\/tr>\n<tr>\n<td width=\"66\"><strong>31<\/strong><\/td>\n<td width=\"161\">osv<\/td>\n<\/tr>\n<\/tbody>\n<\/table>\n<p>Alla som fullf\u00f6ljer f\u00e5r en po\u00e4ng<\/p>\n<p>&nbsp;<\/p>\n<h3><a name=\"_Toc69391432\"><\/a>Seedning<\/h3>\n<p>Startseedning f\u00f6rsta loppet 1. UCI po\u00e4ng 2. Lottning<br \/>\nStartseedning \u00f6vriga lopp 1. UCI po\u00e4ng 2. SWE Cup st\u00e4llning 3. Lottning<\/p>\n","protected":false},"excerpt":{"rendered":"<p>SWE Cup CX 2025\u201326 T\u00e4by 11\u201312 oktober: SWE Cup #1 och #2 (\u00e4ven UCI-status f\u00f6r junior och seniorelit). Resultat dag 1, SWE Cup #1. Resultat dag 2, SWE Cup #2. Varberg 18\u201319 oktober: SWE Cup #3 och #4 (\u00e4ven UCI-status f\u00f6r junior och seniorelit). Resultat dag 1, SWE Cup #3. Resultat dag 2, SWE<a href=\"https:\/\/scf.se\/cykelcross\/swe-cup-2025-2026\/\" class=\"news-card__more\"> &#8230;<\/a><\/p>\n","protected":false},"author":58,"featured_media":0,"parent":0,"menu_order":0,"comment_status":"closed","ping_status":"closed","template":"","meta":{"_acf_changed":false,"footnotes":""},"class_list":["post-2079","page","type-page","status-publish","hentry"],"acf":[],"_links":{"self":[{"href":"https:\/\/scf.se\/cykelcross\/wp-json\/wp\/v2\/pages\/2079","targetHints":{"allow":["GET"]}}],"collection":[{"href":"https:\/\/scf.se\/cykelcross\/wp-json\/wp\/v2\/pages"}],"about":[{"href":"https:\/\/scf.se\/cykelcross\/wp-json\/wp\/v2\/types\/page"}],"author":[{"embeddable":true,"href":"https:\/\/scf.se\/cykelcross\/wp-json\/wp\/v2\/users\/58"}],"replies":[{"embeddable":true,"href":"https:\/\/scf.se\/cykelcross\/wp-json\/wp\/v2\/comments?post=2079"}],"version-history":[{"count":9,"href":"https:\/\/scf.se\/cykelcross\/wp-json\/wp\/v2\/pages\/2079\/revisions"}],"predecessor-version":[{"id":2331,"href":"https:\/\/scf.se\/cykelcross\/wp-json\/wp\/v2\/pages\/2079\/revisions\/2331"}],"wp:attachment":[{"href":"https:\/\/scf.se\/cykelcross\/wp-json\/wp\/v2\/media?parent=2079"}],"curies":[{"name":"wp","href":"https:\/\/api.w.org\/{rel}","templated":true}]}}