
{"id":86,"date":"2015-11-09T15:46:56","date_gmt":"2015-11-09T14:46:56","guid":{"rendered":"http:\/\/svenskcykel.grandpublic.se\/bmx\/?page_id=86"},"modified":"2020-09-09T13:13:01","modified_gmt":"2020-09-09T11:13:01","slug":"masterskap","status":"publish","type":"page","link":"https:\/\/scf.se\/bmx\/tavling\/masterskap\/","title":{"rendered":"M\u00e4sterskap"},"content":{"rendered":"<p>Varje \u00e5r arrangeras SM i BMX i Svenska Cykelf\u00f6rbundets regi, d\u00e4r alla klasser g\u00f6r upp om respektive titel som svensk m\u00e4stare! F\u00f6r att arrangera SM ans\u00f6ker man om arrangemanget tv\u00e5 \u00e5r i f\u00f6rv\u00e4g p\u00e5 det \u00e5rliga BMX-forumet d\u00e4r alla Sveriges BMX klubbar samlas. Grengruppen i samr\u00e5d med SCF styrelse beslutar sedan vilken klubb som tilldelas SM-arrangemanget.<\/p>\n","protected":false},"excerpt":{"rendered":"<p>Varje \u00e5r arrangeras SM i BMX i Svenska Cykelf\u00f6rbundets regi, d\u00e4r alla klasser g\u00f6r upp om respektive titel som svensk m\u00e4stare! F\u00f6r att arrangera SM ans\u00f6ker man om arrangemanget tv\u00e5 \u00e5r i f\u00f6rv\u00e4g p\u00e5 det \u00e5rliga BMX-forumet d\u00e4r alla Sveriges BMX klubbar samlas. Grengruppen i samr\u00e5d med SCF styrelse beslutar sedan vilken klubb som<a href=\"https:\/\/scf.se\/bmx\/tavling\/masterskap\/\" class=\"news-card__more\"> &#8230;<\/a><\/p>\n","protected":false},"author":1,"featured_media":0,"parent":11,"menu_order":0,"comment_status":"closed","ping_status":"closed","template":"","meta":{"_acf_changed":false,"footnotes":""},"class_list":["post-86","page","type-page","status-publish","hentry"],"acf":[],"_links":{"self":[{"href":"https:\/\/scf.se\/bmx\/wp-json\/wp\/v2\/pages\/86","targetHints":{"allow":["GET"]}}],"collection":[{"href":"https:\/\/scf.se\/bmx\/wp-json\/wp\/v2\/pages"}],"about":[{"href":"https:\/\/scf.se\/bmx\/wp-json\/wp\/v2\/types\/page"}],"author":[{"embeddable":true,"href":"https:\/\/scf.se\/bmx\/wp-json\/wp\/v2\/users\/1"}],"replies":[{"embeddable":true,"href":"https:\/\/scf.se\/bmx\/wp-json\/wp\/v2\/comments?post=86"}],"version-history":[{"count":0,"href":"https:\/\/scf.se\/bmx\/wp-json\/wp\/v2\/pages\/86\/revisions"}],"up":[{"embeddable":true,"href":"https:\/\/scf.se\/bmx\/wp-json\/wp\/v2\/pages\/11"}],"wp:attachment":[{"href":"https:\/\/scf.se\/bmx\/wp-json\/wp\/v2\/media?parent=86"}],"curies":[{"name":"wp","href":"https:\/\/api.w.org\/{rel}","templated":true}]}}