
{"id":84,"date":"2015-11-09T15:46:39","date_gmt":"2015-11-09T14:46:39","guid":{"rendered":"http:\/\/svenskcykel.grandpublic.se\/bmx\/?page_id=84"},"modified":"2019-08-01T11:42:07","modified_gmt":"2019-08-01T09:42:07","slug":"landslagsprogram","status":"publish","type":"page","link":"https:\/\/scf.se\/bmx\/landslag\/landslagsprogram\/","title":{"rendered":"Landslagsprogram"},"content":{"rendered":"<h3>T\u00e4vlingsprogram BMX-landslaget 2019<\/h3>\n<p><em>Mer inormation om och fr\u00e5n t\u00e4vlingarna i l\u00e4nkarna nedan.<\/em><\/p>\n<p>30-31 mars, Europacup 1 &amp; 2, Verona, Italien<br \/>\n20-22 april, <a href=\"https:\/\/scf.se\/bmx\/rapport-fran-europacup-3-4\/\">Europacup 3 &amp; 4<\/a>, Zolder, Belgien<br \/>\n4-5 maj, Europacup 5 &amp; 6, R\u00e5de, Norge<br \/>\n25-26 maj, <a href=\"https:\/\/scf.se\/bmx\/europacupen-bmx-sarrians-frankrike\/\">Europacup 7 &amp; 8,<\/a> Sarrians, Frankrike<br \/>\n8-9 juni, <a href=\"https:\/\/scf.se\/bmx\/varldscupen-5-6-saint-quentin-en-yvelines\/\">V\u00e4rldscup i Paris<\/a>, Frankrike<br \/>\n11-14 juli, <a href=\"https:\/\/scf.se\/bmx\/bmx-em-i-valmiera-11-14-juli\/\">EM, Valmiera<\/a>, Lettland<br \/>\n23-27 juli, <a href=\"https:\/\/scf.se\/bmx\/vm-bmx-zolder-21-27-juli\/\">VM, Zolder<\/a>, Belgien<br \/>\n3 augusti, NM, \u00c4ngelholm, Sverige (ej landslagsuppdrag )<br \/>\n31-1 aug\/sep, Europacup 9 &amp; 10, Peer, Belgien<\/p>\n<p><em>Fler t\u00e4vlingar kommer l\u00e4ggas in f\u00f6r h\u00f6sten samt l\u00e4ger.<\/em><\/p>\n","protected":false},"excerpt":{"rendered":"<p>T\u00e4vlingsprogram BMX-landslaget 2019 Mer inormation om och fr\u00e5n t\u00e4vlingarna i l\u00e4nkarna nedan. 30-31 mars, Europacup 1 &amp; 2, Verona, Italien 20-22 april, Europacup 3 &amp; 4, Zolder, Belgien 4-5 maj, Europacup 5 &amp; 6, R\u00e5de, Norge 25-26 maj, Europacup 7 &amp; 8, Sarrians, Frankrike 8-9 juni, V\u00e4rldscup i Paris, Frankrike 11-14 juli, EM, Valmiera,<a href=\"https:\/\/scf.se\/bmx\/landslag\/landslagsprogram\/\" class=\"news-card__more\"> &#8230;<\/a><\/p>\n","protected":false},"author":1,"featured_media":0,"parent":80,"menu_order":0,"comment_status":"closed","ping_status":"closed","template":"","meta":{"_acf_changed":false,"footnotes":""},"class_list":["post-84","page","type-page","status-publish","hentry"],"acf":[],"_links":{"self":[{"href":"https:\/\/scf.se\/bmx\/wp-json\/wp\/v2\/pages\/84","targetHints":{"allow":["GET"]}}],"collection":[{"href":"https:\/\/scf.se\/bmx\/wp-json\/wp\/v2\/pages"}],"about":[{"href":"https:\/\/scf.se\/bmx\/wp-json\/wp\/v2\/types\/page"}],"author":[{"embeddable":true,"href":"https:\/\/scf.se\/bmx\/wp-json\/wp\/v2\/users\/1"}],"replies":[{"embeddable":true,"href":"https:\/\/scf.se\/bmx\/wp-json\/wp\/v2\/comments?post=84"}],"version-history":[{"count":0,"href":"https:\/\/scf.se\/bmx\/wp-json\/wp\/v2\/pages\/84\/revisions"}],"up":[{"embeddable":true,"href":"https:\/\/scf.se\/bmx\/wp-json\/wp\/v2\/pages\/80"}],"wp:attachment":[{"href":"https:\/\/scf.se\/bmx\/wp-json\/wp\/v2\/media?parent=84"}],"curies":[{"name":"wp","href":"https:\/\/api.w.org\/{rel}","templated":true}]}}