
{"id":659,"date":"2020-11-17T13:05:49","date_gmt":"2020-11-17T12:05:49","guid":{"rendered":"http:\/\/scf.se\/bmx\/?page_id=659"},"modified":"2021-01-06T18:37:31","modified_gmt":"2021-01-06T17:37:31","slug":"sm-bmx-2020","status":"publish","type":"page","link":"https:\/\/scf.se\/bmx\/sm-bmx-2020\/","title":{"rendered":"SM BMX 2020"},"content":{"rendered":"<h3 class=\"pr-3\"><a href=\"https:\/\/solidsport.com\/scf\/watch\/sm-bmx-marsta\" target=\"_blank\" rel=\"noopener noreferrer\">Solidsport.com s\u00e4ndning fr\u00e5n SM: BMX Racing &#8211; M\u00e4rsta 2020<\/a><\/h3>\n<p>Repris: 2020-09-26<\/p>\n","protected":false},"excerpt":{"rendered":"<p>Solidsport.com s\u00e4ndning fr\u00e5n SM: BMX Racing &#8211; M\u00e4rsta 2020 Repris: 2020-09-26<\/p>\n","protected":false},"author":34,"featured_media":0,"parent":0,"menu_order":0,"comment_status":"closed","ping_status":"closed","template":"","meta":{"_acf_changed":false,"footnotes":""},"class_list":["post-659","page","type-page","status-publish","hentry"],"acf":[],"_links":{"self":[{"href":"https:\/\/scf.se\/bmx\/wp-json\/wp\/v2\/pages\/659","targetHints":{"allow":["GET"]}}],"collection":[{"href":"https:\/\/scf.se\/bmx\/wp-json\/wp\/v2\/pages"}],"about":[{"href":"https:\/\/scf.se\/bmx\/wp-json\/wp\/v2\/types\/page"}],"author":[{"embeddable":true,"href":"https:\/\/scf.se\/bmx\/wp-json\/wp\/v2\/users\/34"}],"replies":[{"embeddable":true,"href":"https:\/\/scf.se\/bmx\/wp-json\/wp\/v2\/comments?post=659"}],"version-history":[{"count":0,"href":"https:\/\/scf.se\/bmx\/wp-json\/wp\/v2\/pages\/659\/revisions"}],"wp:attachment":[{"href":"https:\/\/scf.se\/bmx\/wp-json\/wp\/v2\/media?parent=659"}],"curies":[{"name":"wp","href":"https:\/\/api.w.org\/{rel}","templated":true}]}}