
{"id":2202,"date":"2026-02-11T16:02:13","date_gmt":"2026-02-11T15:02:13","guid":{"rendered":"https:\/\/scf.se\/bmx\/?page_id=2202"},"modified":"2026-02-11T16:02:13","modified_gmt":"2026-02-11T15:02:13","slug":"landslagsprogram-2026","status":"publish","type":"page","link":"https:\/\/scf.se\/bmx\/landslagsprogram-2026\/","title":{"rendered":"Landslagsprogram 2026"},"content":{"rendered":"<h2>Prelimin\u00e4rt schema f\u00f6r landslaget 2026<\/h2>\n<ul>\n<li><strong>Europacupen 1\u20132<\/strong>: Verona Italien<\/li>\n<li><strong>Europacupen 5\u20136<\/strong>: Benatky Tjeckien<\/li>\n<li><strong>V\u00e4rldscupen:<\/strong> Sarrians Frankrike<\/li>\n<li><strong>V\u00e4rldscupen<\/strong>: Papendal Holland<\/li>\n<li><strong>EM:<\/strong> Sarrians Frankrike<\/li>\n<li><strong>VM:<\/strong>\u00a0 Brisbane Australien<\/li>\n<li><strong>Europacup 9\u201310<\/strong>: Sviland Norge<\/li>\n<li><strong>Europacup 11\u201312<\/strong>: Zolder Belgien<\/li>\n<li><strong>Utvecklingsl\u00e4ger:<\/strong> Tv\u00e5 l\u00e4ger ska arrangeras i Sverige under \u00e5ret, datum kommer.<\/li>\n<\/ul>\n<p><em>Detta schema \u00e4r prelimin\u00e4rt och kan komma att uppdateras under \u00e5ret. Ni hittar alltid den senaste uppdateringen h\u00e4r.\u00a0Observera ocks\u00e5 att alla cyklister inte kommer att \u00e5ka p\u00e5 alla uppdrag.<\/em><\/p>\n","protected":false},"excerpt":{"rendered":"<p>Prelimin\u00e4rt schema f\u00f6r landslaget 2026 Europacupen 1\u20132: Verona Italien Europacupen 5\u20136: Benatky Tjeckien V\u00e4rldscupen: Sarrians Frankrike V\u00e4rldscupen: Papendal Holland EM: Sarrians Frankrike VM:\u00a0 Brisbane Australien Europacup 9\u201310: Sviland Norge Europacup 11\u201312: Zolder Belgien Utvecklingsl\u00e4ger: Tv\u00e5 l\u00e4ger ska arrangeras i Sverige under \u00e5ret, datum kommer. Detta schema \u00e4r prelimin\u00e4rt och kan komma att uppdateras under<a href=\"https:\/\/scf.se\/bmx\/landslagsprogram-2026\/\" class=\"news-card__more\"> &#8230;<\/a><\/p>\n","protected":false},"author":41,"featured_media":0,"parent":0,"menu_order":0,"comment_status":"closed","ping_status":"closed","template":"","meta":{"_acf_changed":false,"footnotes":""},"class_list":["post-2202","page","type-page","status-publish","hentry"],"acf":[],"_links":{"self":[{"href":"https:\/\/scf.se\/bmx\/wp-json\/wp\/v2\/pages\/2202","targetHints":{"allow":["GET"]}}],"collection":[{"href":"https:\/\/scf.se\/bmx\/wp-json\/wp\/v2\/pages"}],"about":[{"href":"https:\/\/scf.se\/bmx\/wp-json\/wp\/v2\/types\/page"}],"author":[{"embeddable":true,"href":"https:\/\/scf.se\/bmx\/wp-json\/wp\/v2\/users\/41"}],"replies":[{"embeddable":true,"href":"https:\/\/scf.se\/bmx\/wp-json\/wp\/v2\/comments?post=2202"}],"version-history":[{"count":1,"href":"https:\/\/scf.se\/bmx\/wp-json\/wp\/v2\/pages\/2202\/revisions"}],"predecessor-version":[{"id":2203,"href":"https:\/\/scf.se\/bmx\/wp-json\/wp\/v2\/pages\/2202\/revisions\/2203"}],"wp:attachment":[{"href":"https:\/\/scf.se\/bmx\/wp-json\/wp\/v2\/media?parent=2202"}],"curies":[{"name":"wp","href":"https:\/\/api.w.org\/{rel}","templated":true}]}}