
{"id":1845,"date":"2025-05-07T11:50:18","date_gmt":"2025-05-07T09:50:18","guid":{"rendered":"https:\/\/scf.se\/bmx\/?page_id=1845"},"modified":"2025-05-07T11:59:15","modified_gmt":"2025-05-07T09:59:15","slug":"europacupen-i-bmx-9-10-i-angelholm","status":"publish","type":"page","link":"https:\/\/scf.se\/bmx\/europacupen-i-bmx-9-10-i-angelholm\/","title":{"rendered":"Europacupen i BMX #9, 10 i \u00c4ngelholm"},"content":{"rendered":"<h3><strong>Europacupen i BMX 19\u201320 juli\u00a0<\/strong><\/h3>\n<ul>\n<li>S\u00e4songens stora h\u00f6jdpunkt i \u00c4ngelholm. Internationell t\u00e4vling med f\u00f6rv\u00e4ntat h\u00f6gt deltagarantal. Det \u00e4r delt\u00e4vling 9 och 10 d\u00e5 Europacupen \u00e4r inne i ett avg\u00f6rande skede. EC k\u00f6rs p\u00e5 en bana i toppskick och den st\u00f6rsta t\u00e4vlingen som Engelholm BMX-klubb har arrangerat.<\/li>\n<li><strong>H\u00e4r har arrang\u00f6rerna redan sl\u00e4ppt biljetter f\u00f6r s\u00e5v\u00e4l intr\u00e4de, tr\u00e4ning och boende vid banan p\u00e5 eventets hemsida: <\/strong><a href=\"https:\/\/www.europeancup2025.ebmx.se\"><strong>www.europeancup2025.ebmx.se<\/strong><\/a><\/li>\n<li>N\u00e4r anm\u00e4lan \u00f6ppnar hittar ni den h\u00e4r: <strong><a href=\"https:\/\/registration.jstiming.com\/organizers\/98eff7e5-2cb8-49b0-acbd-ba70b036fb04\">UEC \u2013 Registrations \u2013 Registration JSTiming<\/a><\/strong><\/li>\n<li>Det finns en egen hemsida f\u00f6r eventet:<br \/>\n<strong><a href=\"https:\/\/europeancup2025.ebmx.se\/\">Europeancup 2025 Engelholm \u2013 Competition race 9 &amp; 10<\/a><\/strong><\/li>\n<li>N\u00e4r det g\u00e4ller sociala medier \u00e4r det f\u00f6ljande kanaler som g\u00e4ller:<br \/>\nFacebook: <strong>Bmx Engelholm Europeancup 2025<\/strong> samt Engelholms officiella Facebooksida, <strong>Engelholms BMX klubb<\/strong><br \/>\nInstagram: <strong>@bmx_engelholm_europeancup_2025\u00a0<\/strong><\/li>\n<\/ul>\n<h3><a href=\"https:\/\/scf.se\/bmx\/juli-ar-hetaste-bmx-manaden-i-angelholms-historia-europacupen-i-fokus\/\"><em><strong>Artikel om arbetet med Europacupen i \u00c4ngelholm h\u00e4r!<\/strong><\/em><\/a><\/h3>\n","protected":false},"excerpt":{"rendered":"<p>Europacupen i BMX 19\u201320 juli\u00a0 S\u00e4songens stora h\u00f6jdpunkt i \u00c4ngelholm. Internationell t\u00e4vling med f\u00f6rv\u00e4ntat h\u00f6gt deltagarantal. Det \u00e4r delt\u00e4vling 9 och 10 d\u00e5 Europacupen \u00e4r inne i ett avg\u00f6rande skede. EC k\u00f6rs p\u00e5 en bana i toppskick och den st\u00f6rsta t\u00e4vlingen som Engelholm BMX-klubb har arrangerat. H\u00e4r har arrang\u00f6rerna redan sl\u00e4ppt biljetter f\u00f6r s\u00e5v\u00e4l<a href=\"https:\/\/scf.se\/bmx\/europacupen-i-bmx-9-10-i-angelholm\/\" class=\"news-card__more\"> &#8230;<\/a><\/p>\n","protected":false},"author":41,"featured_media":0,"parent":0,"menu_order":0,"comment_status":"closed","ping_status":"closed","template":"","meta":{"_acf_changed":false,"footnotes":""},"class_list":["post-1845","page","type-page","status-publish","hentry"],"acf":[],"_links":{"self":[{"href":"https:\/\/scf.se\/bmx\/wp-json\/wp\/v2\/pages\/1845","targetHints":{"allow":["GET"]}}],"collection":[{"href":"https:\/\/scf.se\/bmx\/wp-json\/wp\/v2\/pages"}],"about":[{"href":"https:\/\/scf.se\/bmx\/wp-json\/wp\/v2\/types\/page"}],"author":[{"embeddable":true,"href":"https:\/\/scf.se\/bmx\/wp-json\/wp\/v2\/users\/41"}],"replies":[{"embeddable":true,"href":"https:\/\/scf.se\/bmx\/wp-json\/wp\/v2\/comments?post=1845"}],"version-history":[{"count":2,"href":"https:\/\/scf.se\/bmx\/wp-json\/wp\/v2\/pages\/1845\/revisions"}],"predecessor-version":[{"id":1850,"href":"https:\/\/scf.se\/bmx\/wp-json\/wp\/v2\/pages\/1845\/revisions\/1850"}],"wp:attachment":[{"href":"https:\/\/scf.se\/bmx\/wp-json\/wp\/v2\/media?parent=1845"}],"curies":[{"name":"wp","href":"https:\/\/api.w.org\/{rel}","templated":true}]}}

Europacupen i BMX #9, 10 i Ängelholm

<h3><strong>Europacupen i BMX 19–20 juli </strong></h3>
<ul>
<li>Säsongens stora höjdpunkt i Ängelholm. Internationell tävling med förväntat högt deltagarantal. Det är deltävling 9 och 10 då Europacupen är inne i ett avgörande skede. EC körs på en bana i toppskick och den största tävlingen som Engelholm BMX-klubb har arrangerat.</li>
<li><strong>Här har arrangörerna redan släppt biljetter för såväl inträde, träning och boende vid banan på eventets hemsida: </strong><a href="https://www.europeancup2025.ebmx.se"><strong>www.europeancup2025.ebmx.se</strong></a></li>
<li>När anmälan öppnar hittar ni den här: <strong><a href="https://registration.jstiming.com/organizers/98eff7e5-2cb8-49b0-acbd-ba70b036fb04">UEC – Registrations – Registration JSTiming</a></strong></li>
<li>Det finns en egen hemsida för eventet:<br />
<strong><a href="https://europeancup2025.ebmx.se/">Europeancup 2025 Engelholm – Competition race 9 &amp; 10</a></strong></li>
<li>När det gäller sociala medier är det följande kanaler som gäller:<br />
Facebook: <strong>Bmx Engelholm Europeancup 2025</strong> samt Engelholms officiella Facebooksida, <strong>Engelholms BMX klubb</strong><br />
Instagram: <strong>@bmx_engelholm_europeancup_2025 </strong></li>
</ul>
<h3><a href="https://scf.se/bmx/juli-ar-hetaste-bmx-manaden-i-angelholms-historia-europacupen-i-fokus/"><em><strong>Artikel om arbetet med Europacupen i Ängelholm här!</strong></em></a></h3>

<p>Europacupen i BMX 19–20 juli  Säsongens stora höjdpunkt i Ängelholm. Internationell tävling med förväntat högt deltagarantal. Det är deltävling 9 och 10 då Europacupen är inne i ett avgörande skede. EC körs på en bana i toppskick och den största tävlingen som Engelholm BMX-klubb har arrangerat. Här har arrangörerna redan släppt biljetter för såväl<a href="https://scf.se/bmx/europacupen-i-bmx-9-10-i-angelholm/" class="news-card__more"> &#8230;</a></p>
