
{"id":710,"date":"2021-12-08T12:38:33","date_gmt":"2021-12-08T11:38:33","guid":{"rendered":"http:\/\/scf.se\/bancykel\/?page_id=710"},"modified":"2021-12-09T19:21:23","modified_gmt":"2021-12-09T18:21:23","slug":"swe-cup-2021-2022","status":"publish","type":"page","link":"https:\/\/scf.se\/bancykel\/swe-cup-2021-2022\/","title":{"rendered":"Bancupen h\u00f6sten 2021"},"content":{"rendered":"<p><strong>Det k\u00f6rdes tv\u00e5 delt\u00e4vlingar av Bancupen h\u00f6sten 2021. Arrangerade b\u00e5da gjorde Velodrom Cykelklubben i Falun.\u00a0<\/strong><\/p>\n<h3>Delt\u00e4vling 1<\/h3>\n<p>Grenar p\u00e5 den f\u00f6rsta delt\u00e4vlingen den 31 oktober var f\u00f6ljande: Tidslopp, scratch, elimineringslopp och f\u00f6rf\u00f6ljelselopp.<\/p>\n<ul>\n<li>Resultat:<a href=\"https:\/\/scf.se\/bancykel\/wp-content\/uploads\/sites\/2\/2021\/12\/resultatlistatidsloppbantavlingar2021.pdf\"> tidslopp.<\/a><\/li>\n<li>Resultat: <a href=\"https:\/\/scf.se\/bancykel\/wp-content\/uploads\/sites\/2\/2021\/12\/resultatlistascratchloppbantavlingar2021.pdf\">scratch.<\/a><\/li>\n<li>Resultat: <a href=\"https:\/\/scf.se\/bancykel\/wp-content\/uploads\/sites\/2\/2021\/12\/resultatlistaelimineringsloppbantavlingar2021.pdf\">elimineringslopp.<\/a><\/li>\n<li>Resultat: <a href=\"https:\/\/scf.se\/bancykel\/wp-content\/uploads\/sites\/2\/2021\/12\/resultatlistaforfoljelsebantavlingar2021.pdf\">f\u00f6rf\u00f6ljelselopp.<\/a><\/li>\n<\/ul>\n<h3>Delt\u00e4vling 2<\/h3>\n<p>Grenar p\u00e5 den f\u00f6rsta delt\u00e4vlingen den 14 november var f\u00f6ljande: Po\u00e4nglopp, tidslopp, elimineringslopp och f\u00f6rf\u00f6ljelselopp.<\/p>\n<ul>\n<li>Resultat: <a href=\"https:\/\/scf.se\/bancykel\/wp-content\/uploads\/sites\/2\/2021\/12\/resultatlistapoanglopp14_11_2021.pdf\">po\u00e4nglopp.<\/a><\/li>\n<li>Resultat: <a href=\"https:\/\/scf.se\/bancykel\/wp-content\/uploads\/sites\/2\/2021\/12\/resultattidslopp14_11_2021.pdf\">tidslopp.<\/a><\/li>\n<li>Resultat: <a href=\"https:\/\/scf.se\/bancykel\/wp-content\/uploads\/sites\/2\/2021\/12\/resultatlistaeliminering14_11_2021.pdf\">elimineringslopp.<\/a><\/li>\n<li>Resultat: <a href=\"https:\/\/scf.se\/bancykel\/wp-content\/uploads\/sites\/2\/2021\/12\/resultatlistaforfoljelselopp14_11_2021.pdf\">f\u00f6rf\u00f6ljelselopp.<\/a><\/li>\n<\/ul>\n","protected":false},"excerpt":{"rendered":"<p>Det k\u00f6rdes tv\u00e5 delt\u00e4vlingar av Bancupen h\u00f6sten 2021. Arrangerade b\u00e5da gjorde Velodrom Cykelklubben i Falun.\u00a0 Delt\u00e4vling 1 Grenar p\u00e5 den f\u00f6rsta delt\u00e4vlingen den 31 oktober var f\u00f6ljande: Tidslopp, scratch, elimineringslopp och f\u00f6rf\u00f6ljelselopp. Resultat: tidslopp. Resultat: scratch. Resultat: elimineringslopp. Resultat: f\u00f6rf\u00f6ljelselopp. Delt\u00e4vling 2 Grenar p\u00e5 den f\u00f6rsta delt\u00e4vlingen den 14 november var f\u00f6ljande: Po\u00e4nglopp, tidslopp,<a href=\"https:\/\/scf.se\/bancykel\/swe-cup-2021-2022\/\" class=\"news-card__more\"> &#8230;<\/a><\/p>\n","protected":false},"author":41,"featured_media":0,"parent":0,"menu_order":0,"comment_status":"closed","ping_status":"closed","template":"","meta":{"_acf_changed":false,"footnotes":""},"class_list":["post-710","page","type-page","status-publish","hentry"],"acf":[],"_links":{"self":[{"href":"https:\/\/scf.se\/bancykel\/wp-json\/wp\/v2\/pages\/710","targetHints":{"allow":["GET"]}}],"collection":[{"href":"https:\/\/scf.se\/bancykel\/wp-json\/wp\/v2\/pages"}],"about":[{"href":"https:\/\/scf.se\/bancykel\/wp-json\/wp\/v2\/types\/page"}],"author":[{"embeddable":true,"href":"https:\/\/scf.se\/bancykel\/wp-json\/wp\/v2\/users\/41"}],"replies":[{"embeddable":true,"href":"https:\/\/scf.se\/bancykel\/wp-json\/wp\/v2\/comments?post=710"}],"version-history":[{"count":0,"href":"https:\/\/scf.se\/bancykel\/wp-json\/wp\/v2\/pages\/710\/revisions"}],"wp:attachment":[{"href":"https:\/\/scf.se\/bancykel\/wp-json\/wp\/v2\/media?parent=710"}],"curies":[{"name":"wp","href":"https:\/\/api.w.org\/{rel}","templated":true}]}}