
{"id":618,"date":"2020-01-15T12:38:31","date_gmt":"2020-01-15T11:38:31","guid":{"rendered":"http:\/\/scf.se\/bancykel\/?page_id=618"},"modified":"2021-01-18T11:37:34","modified_gmt":"2021-01-18T10:37:34","slug":"sm-bancykel-2020","status":"publish","type":"page","link":"https:\/\/scf.se\/bancykel\/sm-bancykel-2020\/","title":{"rendered":"SM Bancykel 2020"},"content":{"rendered":"<p><em>Uppdaterad 2021-01-15<\/em><\/p>\n<p>Vid Svenska Cykelf\u00f6rbundets styrelsem\u00f6te beslutades om ett f\u00f6rl\u00e4ngt t\u00e4vlingsstopp till och med 1 april. Det inneb\u00e4r att Velodrom CK nu ger upp f\u00f6rs\u00f6ken med att f\u00e5 till ett SM i Bancykling 2020. De fokuserar nu fullt ut p\u00e5 2021-\u00e5rs bancykels\u00e4song ist\u00e4llet och kommer att k\u00f6ra ett flertal t\u00e4vlingar med 2021 \u00e5rs bancykel SM 2\u20133\/10 som absolut h\u00f6jdpunkt.<\/p>\n<div class=\"single-card__title\">\n<hr \/>\n<p><em>U<\/em><em>ppdaterad 2020-12-07<br \/>\nSM 2020 \u00e4r flyttat till f\u00f6ljd av Covid 19:<br \/>\n<\/em><em>Gl\u00e4djande nyheter, nu har Velodrom CK f\u00e5tt klartecken av Svenska Cykelf\u00f6rbundet att genomf\u00f6ra 2020 \u00e5rs Svenska M\u00e4sterskap i bancykling 23-24\/1 2021, det inneb\u00e4r att alla cyklister kommer att t\u00e4vla i den klass man tillh\u00f6rde 2020 (det kr\u00e4vs dock att man l\u00f6st licens f\u00f6r 2021 f\u00f6r att kunna anm\u00e4la sig)Fullst\u00e4ndig inbjudan finns att l\u00e4sa p\u00e5 <a href=\"http:\/\/www.swecyclingonline.se\/?fbclid=IwAR0dbyWU8To4a-o6xHS3GukBpd_0NwnewzeF5gZjKdRGofEyqrgP__Aairo\">www.swecyclingonline.se<\/a><\/em><\/p>\n<\/div>\n<div class=\"single-card__title\">\n<p><strong>Inbjudan till SM i bancykel (2020) den 23-24 januari 2021<\/strong><\/p>\n<\/div>\n<p>Nu \u00e4r det klart med 2020-\u00e5rs SM i bancykling kommer avg\u00f6ras 23-24 januari 2021 p\u00e5 Velodromen i Falun.<\/p>\n<p>\u00c5rets SM kommer att vara \u00f6ppet f\u00f6r samtliga klasser och kommer avg\u00f6ras i grenarna: Sprint, Tidslopp, F\u00f6rf\u00f6ljelselopp och Po\u00e4nglopp.<\/p>\n<p>Nu hoppas vi att m\u00e5nga cyklister \u00e4r sugna p\u00e5 att komma in och t\u00e4vla i bancykling efter en mycket annorlunda t\u00e4vlingss\u00e4song utomhus.<\/p>\n<p>Velodromen i Falun erbjuder tv\u00e5 tr\u00e4ningspass i veckan som \u00e4r anpassade f\u00f6r att f\u00f6rbereda cyklister p\u00e5 att t\u00e4vla i bancykling, de heter Track Time och k\u00f6rs p\u00e5 onsdagskv\u00e4llar och l\u00f6rdags f\u00f6rmiddagar. L\u00e4s mer p\u00e5\u00a0<a href=\"https:\/\/l.facebook.com\/l.php?u=http%3A%2F%2Fwww.velodromen.se%2F%3Ffbclid%3DIwAR0p-p8WUDrh2Wnz-13kmO4cdI8Zqxljv3C0eE8P3kCwNHeVhcq8BHHFI8w&amp;h=AT1OKnwl96hBsm0u6dhG48L5SlcJETNqcL3fgrmj2xo7b82aeiaXuT_dnaCDRMT_Oc-hq7ZZF1fMmy0ONWwtQX-r29z56HZmOW7ShgVMb3mZbU2V3AVt0jIrDcnWWyEFHA&amp;__tn__=-UK-R&amp;c%5b0%5d=AT0CMGTg7fH5O7cRDYlxRBj_ygPf41wibP7uY0-Qxu1ga--yM-x1Oiv4ynm0OPITtiCgA04lrn35YVe6TJELN9Pm3tTMfBGu2K8HlsgG27BkP90kGSafHDdLDRSM5uDN2d4ROM3bSXaK_kvJ4eUIk_DHYTyqi_2C_qRRvCQ5xOFtuN3jFtnXezCye_pqeho4JBnV7tg2Y7GkHJGIw0hSgPB_bQw\">www.velodromen.se<\/a><br \/>\nAnm\u00e4lan till SM g\u00f6rs p\u00e5<a href=\"https:\/\/www.swecyclingonline.se\/\">\u00a0Swecyclingonline.\u00a0<\/a><\/p>\n<p>&nbsp;<\/p>\n","protected":false},"excerpt":{"rendered":"<p>Uppdaterad 2021-01-15 Vid Svenska Cykelf\u00f6rbundets styrelsem\u00f6te beslutades om ett f\u00f6rl\u00e4ngt t\u00e4vlingsstopp till och med 1 april. Det inneb\u00e4r att Velodrom CK nu ger upp f\u00f6rs\u00f6ken med att f\u00e5 till ett SM i Bancykling 2020. De fokuserar nu fullt ut p\u00e5 2021-\u00e5rs bancykels\u00e4song ist\u00e4llet och kommer att k\u00f6ra ett flertal t\u00e4vlingar med 2021 \u00e5rs bancykel<a href=\"https:\/\/scf.se\/bancykel\/sm-bancykel-2020\/\" class=\"news-card__more\"> &#8230;<\/a><\/p>\n","protected":false},"author":34,"featured_media":0,"parent":0,"menu_order":0,"comment_status":"closed","ping_status":"closed","template":"","meta":{"_acf_changed":false,"footnotes":""},"class_list":["post-618","page","type-page","status-publish","hentry"],"acf":[],"_links":{"self":[{"href":"https:\/\/scf.se\/bancykel\/wp-json\/wp\/v2\/pages\/618","targetHints":{"allow":["GET"]}}],"collection":[{"href":"https:\/\/scf.se\/bancykel\/wp-json\/wp\/v2\/pages"}],"about":[{"href":"https:\/\/scf.se\/bancykel\/wp-json\/wp\/v2\/types\/page"}],"author":[{"embeddable":true,"href":"https:\/\/scf.se\/bancykel\/wp-json\/wp\/v2\/users\/34"}],"replies":[{"embeddable":true,"href":"https:\/\/scf.se\/bancykel\/wp-json\/wp\/v2\/comments?post=618"}],"version-history":[{"count":0,"href":"https:\/\/scf.se\/bancykel\/wp-json\/wp\/v2\/pages\/618\/revisions"}],"wp:attachment":[{"href":"https:\/\/scf.se\/bancykel\/wp-json\/wp\/v2\/media?parent=618"}],"curies":[{"name":"wp","href":"https:\/\/api.w.org\/{rel}","templated":true}]}}