
{"id":344,"date":"2016-07-26T15:45:40","date_gmt":"2016-07-26T13:45:40","guid":{"rendered":"http:\/\/scf.se\/bancykel\/?page_id=344"},"modified":"2016-07-27T15:52:19","modified_gmt":"2016-07-27T13:52:19","slug":"344-2","status":"publish","type":"page","link":"https:\/\/scf.se\/bancykel\/landslag\/landslagsrapporter\/344-2\/","title":{"rendered":"Rapport fr\u00e5n EM i Montichiari"},"content":{"rendered":"<p>Banlandslagets fem uttagna juniorer fick blodad tand n\u00e4r de hade sina framg\u00e5ngar vid Poland Grand Prix tidigare under m\u00e5naden. Den g\u00e5ngna veckan, 12-16 juli, t\u00e4vlade de mot de allra b\u00e4sta och fick bevisa sig p\u00e5 nytt. Till start under EM i Montichiari kom 31 nationer och 381 cyklister, ett rekordtal bland deltagare som \u00a0tyder p\u00e5 tydligt uppsving inom europeisk bancykel.<\/p>\n<p>V\u00e5ra fem svenska juniorer har t\u00e4vlat i disciplinerna Omnium, Scratch, Po\u00e4nglopp, Team Pursuit, Individual Pursuit, Team Sprint, 1 km, Madison och Keirin, vilket betyder att vi var representerade i samtliga discipliner f\u00f6rutom Sprint. Vi gick till start med god k\u00e4nsla fr\u00e5n tidigare tr\u00e4ningsprogram och i f\u00f6rv\u00e4ntan att prestera v\u00e4l.<\/p>\n<p>Jesper Olssons \u00a04:e plats fr\u00e5n Poland Grand Prix i Keirin och en 5:e plats i Keirins f\u00f6rsta och andra genomg\u00e5ng tyder klart p\u00e5 att vi \u00e4ven inom de snabbaste disciplinerna har p\u00e5 Europas absolut h\u00f6gsta niv\u00e5 att g\u00f6ra. Jespers otroliga\u00a0 spelsinne och hans s\u00e4tt att enkelt hantera cykel g\u00f6r honom till en farlig motst\u00e5ndare fram\u00f6ver.<\/p>\n<div id=\"attachment_347\" class=\"wp-caption alignnone\" ><a href=\"https:\/\/scf.se\/bancykel\/wp-content\/uploads\/sites\/2\/2016\/07\/Jesper-Keirin.jpg\"><img loading=\"lazy\" decoding=\"async\" class=\"wp-image-347 size-post-small\" src=\"https:\/\/scf.se\/bancykel\/wp-content\/uploads\/sites\/2\/2016\/07\/Jesper-Keirin-740x462.jpg\" alt=\"Jesper Olsson, Keirin\" width=\"740\" height=\"462\" \/><\/a><p class=\"wp-caption-text\">Jeseper Olsson, Keirin. Foto: Anders Olsson<\/p><\/div>\n<p>Felix Nisells 13:e plats i Omniums sammandrag var v\u00e4lf\u00f6rtj\u00e4nt, d\u00e5 konkurrensen inom de sex disciplinerna var extremt h\u00e5rd. Heller har ingen svensk junior cyklat kilometerna p\u00e5 rekordtiden 1:07.535. Vann gjorde Krawczyk Szymon fr\u00e5n Polen.<\/p>\n<div id=\"attachment_345\" class=\"wp-caption alignnone\" ><a href=\"https:\/\/scf.se\/bancykel\/wp-content\/uploads\/sites\/2\/2016\/07\/Felix-3km.jpg\"><img loading=\"lazy\" decoding=\"async\" class=\"size-post-small wp-image-345\" src=\"https:\/\/scf.se\/bancykel\/wp-content\/uploads\/sites\/2\/2016\/07\/Felix-3km-740x462.jpg\" alt=\"Felix, 3 km\" width=\"740\" height=\"462\" \/><\/a><p class=\"wp-caption-text\">Felix Nisell, 3 km. Foto: Anders Olsson<\/p><\/div>\n<p>Jacob Johnsson, Scratch-trean fr\u00e5n Poland Grand Prix, var dessv\u00e4rre inblandad i en masskrasch i finalheatet. Jacob, som s\u00e5g stark ut, var p\u00e5 v\u00e4g att avancera inom det sista varvet d\u00e5 olyckan intr\u00e4ffade. Jacob klarade sig fint med enbart ett par skraps\u00e5r och kunde tillsammans med Gustav Johansson starta i l\u00f6rdagens Madisonlopp. Dagen efter fick vi besked om att \u00e4ven de \u00f6vriga cyklisterna hade klarat sig bra, vilket var en l\u00e4ttnad.<\/p>\n<p>Gustav Johansson, som f\u00f6rsta\u00e5rsjunior har imponerat stort. Under 3 km Individual Pursuit gick Gustav i m\u00e5l med tiden 3:30.474, en tid som f\u00f6rbundskapten aldrig heller har noterat bland de svenska juniorerna. Tiden\u00a0resulterade i en 18:e plats f\u00f6r Gustav. P\u00e5 po\u00e4ngloppets 100 varv placerade sig Gustav p\u00e5 en fin 10:e plats, d\u00e4r han \u00e4ven kammade hem fyra spurtpo\u00e4ng.<\/p>\n<div id=\"attachment_348\" class=\"wp-caption alignnone\" ><a href=\"https:\/\/scf.se\/bancykel\/wp-content\/uploads\/sites\/2\/2016\/07\/Gustav-po\u00e4nglopp.jpg\"><img loading=\"lazy\" decoding=\"async\" class=\"size-post-small wp-image-348\" src=\"https:\/\/scf.se\/bancykel\/wp-content\/uploads\/sites\/2\/2016\/07\/Gustav-po\u00e4nglopp-740x462.jpg\" alt=\"Gustav, po\u00e4ngloppet\" width=\"740\" height=\"462\" \/><\/a><p class=\"wp-caption-text\">Gustav Johansson imponerade med rekordtid. Foto Anders Olsson<\/p><\/div>\n<p>Viktor Lundqvist som fick en plats till Team Pursuit, skadade sig dessv\u00e4rre under upptaktstr\u00e4ningen och efter samr\u00e5d med f\u00f6rbundskapten stod beslutet fast att st\u00e5 \u00f6ver Team Pursuit f\u00f6r att f\u00f6rbereda sig inf\u00f6r 3 km Individual Pursuit. Viktor gick till start med en relativt bra k\u00e4nsla, t\u00e4nkte bort sm\u00e4rtan f\u00f6r att g\u00e5 i m\u00e5l p\u00e5 tiden 3:39.395, en klar f\u00f6rb\u00e4ttring j\u00e4mf\u00f6rt med tidigare prestationer. Tiden resulterade i en 30:e plats.<\/p>\n<div id=\"attachment_349\" class=\"wp-caption alignnone\" ><a href=\"https:\/\/scf.se\/bancykel\/wp-content\/uploads\/sites\/2\/2016\/07\/Jesper-Felix-Team-sprint.jpg\"><img loading=\"lazy\" decoding=\"async\" class=\"wp-image-349 size-post-small\" src=\"https:\/\/scf.se\/bancykel\/wp-content\/uploads\/sites\/2\/2016\/07\/Jesper-Felix-Team-sprint-740x462.jpg\" alt=\"Jesper och Felix, Team Sprint\" width=\"740\" height=\"462\" \/><\/a><p class=\"wp-caption-text\">Jesper och Felix i Team Sprint. Foto: Anders Olsson<\/p><\/div>\n<p>Sammanfattningsvis kan vi s\u00e4ga att bancykel visar en tydlig tendens att utveckla sig till det b\u00e4ttre. 381 deltagare, tv\u00e5 nya svenska rekord och tv\u00e5 nya v\u00e4rldsrekord \u00e4r ett bevis f\u00f6r att de\u00a0europeiska nationerna nu tror p\u00e5 och investerar, i synnerhet i de yngre. V\u00e5ra svenska framg\u00e5ngar \u00e4r ett bevis p\u00e5 att vi h\u00e4nger med utvecklingen och forts\u00e4ttningsvis kommer vi l\u00e4gga ner resurser som ska leda till Sverige som \u00e4nnu mer konkurrenskraftig nation.<\/p>\n<p><a href=\"http:\/\/uec.ch\/en\/home-2\/item\/519-2016-uec-track-juniors-u23-european-championhips-montichiari-ita-results-and-info.html\">Resultat<br \/>\n<\/a><\/p>\n<p>\/David Mayer, f\u00f6rbundskapten<\/p>\n","protected":false},"excerpt":{"rendered":"<p>Banlandslagets fem uttagna juniorer fick blodad tand n\u00e4r de hade sina framg\u00e5ngar vid Poland Grand Prix tidigare under m\u00e5naden. Den g\u00e5ngna veckan, 12-16 juli, t\u00e4vlade de mot de allra b\u00e4sta och fick bevisa sig p\u00e5 nytt. Till start under EM i Montichiari kom 31 nationer och 381 cyklister, ett rekordtal bland deltagare som \u00a0tyder<a href=\"https:\/\/scf.se\/bancykel\/landslag\/landslagsrapporter\/344-2\/\" class=\"news-card__more\"> &#8230;<\/a><\/p>\n","protected":false},"author":2,"featured_media":0,"parent":71,"menu_order":0,"comment_status":"closed","ping_status":"closed","template":"","meta":{"_acf_changed":false,"footnotes":""},"class_list":["post-344","page","type-page","status-publish","hentry"],"acf":[],"_links":{"self":[{"href":"https:\/\/scf.se\/bancykel\/wp-json\/wp\/v2\/pages\/344","targetHints":{"allow":["GET"]}}],"collection":[{"href":"https:\/\/scf.se\/bancykel\/wp-json\/wp\/v2\/pages"}],"about":[{"href":"https:\/\/scf.se\/bancykel\/wp-json\/wp\/v2\/types\/page"}],"author":[{"embeddable":true,"href":"https:\/\/scf.se\/bancykel\/wp-json\/wp\/v2\/users\/2"}],"replies":[{"embeddable":true,"href":"https:\/\/scf.se\/bancykel\/wp-json\/wp\/v2\/comments?post=344"}],"version-history":[{"count":0,"href":"https:\/\/scf.se\/bancykel\/wp-json\/wp\/v2\/pages\/344\/revisions"}],"up":[{"embeddable":true,"href":"https:\/\/scf.se\/bancykel\/wp-json\/wp\/v2\/pages\/71"}],"wp:attachment":[{"href":"https:\/\/scf.se\/bancykel\/wp-json\/wp\/v2\/media?parent=344"}],"curies":[{"name":"wp","href":"https:\/\/api.w.org\/{rel}","templated":true}]}}